What is the remainder when 70 is divided by o(-10)?
34
What is the remainder when 13 is divided by 1 - -2 - (0 + -2)?
3
Suppose 0 = -5*x + 12 + 38. Let t(g) = 10*g**3 - g**2 + g. Let p be t(1). Calculate the remainder when ((-8)/p)/(2/(-70)) is divided by x.
8
Let i(v) = -v**3 - v**2 + 4. Let o be i(-3). Let m = o - 13. Calculate the remainder when 25 is divided by m.
7
Suppose -4 + 3 = 5*l + 3*o, -3*l - 4*o = 5. Let p be l/4 - 1/4. Suppose -2*h = -p*h - 8. Calculate the remainder when h is divided by 3.
1
Suppose -z = -4*c + c - 8, -3*c - 3*z - 12 = 0. What is the remainder when c/(9/(-6))*6 is divided by 7?
5
Suppose -n = d - 2*d + 10, 54 = 5*d - 4*n. Let o(m) = m**3 - 7*m**2 + 6*m - 2. Calculate the remainder when o(7) is divided by d.
12
Suppose -4*v - 2*h = -0*v - 36, h = 5*v - 31. What is the remainder when 1 + v/(21/90) is divided by 8?
7
Let u(j) = -6*j - 34. What is the remainder when u(-8) is divided by 4?
2
Suppose 13*f - 8*f - 90 = 0. What is the remainder when 32 is divided by f?
14
Let w(u) = -2*u. Let q be w(-2). Suppose n - 9 = q*s, -n - 2*s = 8 - 35. Calculate the remainder when 40 is divided by n.
19
Suppose -x - 11 = -3*k, -k + x = -4*x + 15. Suppose -6*t = -3*n - 2*t - 76, 0 = -5*n + k*t - 135. Calculate the remainder when 40 is divided by 2/(-1) + n/(-2).
12
Suppose 4*v - 92 - 152 = 0. What is the remainder when v is divided by 7?
5
Let z(d) be the first derivative of d**2/2 + 4*d + 1. Let c be z(-6). What is the remainder when 29 is divided by c + 0 + 3*4?
9
Let k be (-4)/((-8)/(1 + -5)). What is the remainder when k + (2 - 0 - -27) is divided by 15?
12
Let w = -68 + 109. Calculate the remainder when w is divided by 12.
5
Suppose -8*s = -2*s. Suppose 2*i - 19 = -5*d, s = i - 4*d - d - 2. Calculate the remainder when 26 is divided by i.
5
Let h(k) = -k**3 - 3*k**2 + 2*k + 6. What is the remainder when h(-6) is divided by 15?
12
Suppose 2*u = -u + 99. Suppose 0*z - u = -3*z. Calculate the remainder when z is divided by 4.
3
Let n(l) = l**2 - 7*l + 6. Let t be n(6). Suppose -2*b + 1 + 3 = t. Calculate the remainder when 5 is divided by b.
1
Let a(t) = 6*t + 1. What is the remainder when ((-100)/8)/((-4)/8) is divided by a(1)?
4
Let u = -66 - -97. Let i be 1*-2 - (3 - 21). Let o = u - i. Calculate the remainder when 44 is divided by o.
14
What is the remainder when (18/8)/((-9)/(-96)) is divided by 13?
11
Let l(u) = -u**3 - 11*u**2 - 11*u + 10. Let s(q) = -2*q - 1. Calculate the remainder when l(-10) is divided by s(-6).
9
What is the remainder when (-4)/(-8)*66 - 3 is divided by 11?
8
Let d = 103 - 69. Suppose -4*k + 3*i + 36 = 5*i, 9 = k + 5*i. What is the remainder when d is divided by k?
7
Let c be (-6)/(-21) - (-267)/21. Let h = c + -9. What is the remainder when 10 is divided by h?
2
Let s = 110 + -60. Suppose -3*a + 28 = -s. Suppose 0 = -i + 5*r + 14, 2*i - 4*r - 2 - 20 = 0. Calculate the remainder when a is divided by i.
8
Suppose 3*c - 13 = m, 3*m - 8*m - 21 = -4*c. Suppose 10 = 2*v - c. Suppose 4*n + n - 15 = 0. Calculate the remainder when v is divided by n.
1
Let z(w) = -w**2 - 11*w + 4. Let b be z(-11). Suppose -b*l = l - 205. What is the remainder when l is divided by 14?
13
Suppose -63 - 61 = -4*y. What is the remainder when y is divided by 12?
7
What is the remainder when 32 is divided by (-130)/(-12) - (-2)/12?
10
Calculate the remainder when (-1)/(-2)*-10*-8 is divided by 7.
5
Suppose -14 = -3*w + 7. Let g = w - 4. Suppose 1 = g*k - 2*k. Calculate the remainder when k is divided by 1.
0
Let o(a) = -2*a + 6. What is the remainder when 61 is divided by o(-5)?
13
Let j(a) = -2*a + 17. Let k be j(7). Suppose -k*o - 228 = -4*r, 57 = r - 2*o + 4*o. Calculate the remainder when r is divided by 30.
27
What is the remainder when -18*(-5)/(-10)*-3 is divided by 10?
7
Suppose 57 = -4*k + k. Let i = k + 52. What is the remainder when i is divided by 17?
16
Calculate the remainder when -2 + 1 + 65 + 5 is divided by 36.
33
Let k = -65 - -128. What is the remainder when k is divided by 22?
19
Let b(w) = w**3 - 2*w**2 - 3*w + 10. Let t(f) = -f**2 + 1. Let x(y) = -b(y) + 6*t(y). Calculate the remainder when 9 is divided by x(-5).
3
Suppose 0 = a - 2*a + 52. Let o = 23 + -5. Calculate the remainder when a is divided by o.
16
Suppose -3*u - 168 = -7*u + 4*y, 0 = u + y - 34. Let p = -23 + u. What is the remainder when p is divided by 6?
3
Suppose 5*m + 12 = 62. Let b be (4/(-6))/((-4)/18). Suppose -r - b*p + 9 = 0, -p = -4*r + 3*p + 84. What is the remainder when r is divided by m?
8
Suppose -2*h - 414 = -6*k + k, k - 3*h = 88. Calculate the remainder when k is divided by 12.
10
Let m(c) = -c**2 - 23*c + 31. What is the remainder when m(-22) is divided by 7?
4
Let m be 326/(-9) - (-4)/18. Let o = -15 - m. Calculate the remainder when o is divided by 12.
9
Suppose 54 = 2*k - 4*m, -4*m - 116 = -3*k - k. What is the remainder when k is divided by 16?
15
Let z = -13 + 20. Suppose l - z = -p, 6*p + 4 = 2*p. What is the remainder when 14 is divided by l?
6
Let w(r) = r**3 - 3*r + 3. Let h be w(2). Suppose -10 = -3*b - 3*g + 5, h*b + g = 45. What is the remainder when b is divided by 4?
2
Suppose w = 2*i + 24, 2*w - 27 = w + i. What is the remainder when w is divided by 16?
14
Suppose -2*y + 0*y + 100 = 0. What is the remainder when y is divided by 13?
11
Let l = 10 - 1. What is the remainder when l is divided by 1/(-4) + 195/60?
0
Let a(y) = -y**3 - 7*y**2 + 7*y - 9. Let l be a(-8). Let c(h) = -35*h. Calculate the remainder when c(l) is divided by 12.
11
Suppose 5*n - n - 8 = 0. Let p = n - 4. Let c = 4 + p. Calculate the remainder when 4 is divided by c.
0
Let h = 4 + 11. Calculate the remainder when 58 is divided by h.
13
Let l be (-1)/(2 - 1) - -5. Suppose -f - l = -3*f. Suppose -2*b + 16 = w, -6*w - f*b + 52 = -2*w. What is the remainder when 35 is divided by w?
11
Let h(f) = 2*f**3 - 15*f**2 + 7*f + 4. Calculate the remainder when 13 is divided by h(7).
1
Let g(z) = 3*z. Let d be g(-2). Let j = 16 + d. What is the remainder when 28 is divided by j?
8
Let a(d) = 10*d**2 + 31*d + 6. Calculate the remainder when a(-4) is divided by 22.
20
Suppose 0 = 5*w - 17 - 13. What is the remainder when w is divided by 3?
0
Let m = -14 - -32. Calculate the remainder when (-816)/(-27) + (-4)/m is divided by 11.
8
Suppose -26 = -4*n + 78. Let t(z) = 3*z. What is the remainder when n is divided by t(5)?
11
Let d(j) = -j**3 - 7*j**2 - 6*j + 4. Let i be d(-6). What is the remainder when 13 is divided by 10 - 2/4*i?
5
Let j = 5 + -5. Suppose j - 6 = 2*w. What is the remainder when 16 is divided by (-1)/(-3) + (-17)/w?
4
Suppose -25*n + 50 = -20*n. What is the remainder when 16 is divided by n?
6
Suppose 4*i + 33 = m, -3*m + 3*i - 5*i + 29 = 0. Let d = 0 + 0. Suppose -2*l = -d*l - 50. What is the remainder when l is divided by m?
12
Let l(w) = -w + 16. Calculate the remainder when 19 is divided by l(11).
4
Let q be -1*(-4)/(8/14). Let b be q - (-7)/(21/(-6)). Suppose 0*x = b*x - 3*u - 93, 0 = 3*x - 2*u - 55. Calculate the remainder when x is divided by 11.
10
Let i(z) = -z**2 - z + 1. Let a be i(-2). Let m = a + 20. What is the remainder when 37 is divided by m?
18
Let p = 37 + -9. Let q = -16 + p. What is the remainder when (-6)/(-4)*(-44)/(-3) is divided by q?
10
Let c(w) = -w**2 + 7*w. Let u be c(5). Suppose 0 = -5*n - 5*f + 45 - u, f - 16 = -4*n. Suppose -n*l + 25 = -77. Calculate the remainder when l is divided by 12.
10
Suppose 3*w - 17 = -2*j, -2*w - 3*w + 2*j = -7. What is the remainder when 17 is divided by w?
2
Let u = 57 + 9. Calculate the remainder when u is divided by 17.
15
Suppose 4*x = 10 + 2. Suppose 0 = -x*j + 4 + 5. What is the remainder when j is divided by 2?
1
Let k = -43 + 9. What is the remainder when k/(-8) + 3/4 is divided by 2?
1
Let r = 43 - 24. Calculate the remainder when r is divided by 10.
9
What is the remainder when 185 is divided by (-9)/(-6)*188/6?
44
Suppose -4*z + 595 = 3*z. Calculate the remainder when z is divided by 29.
27
Suppose 33*z - 33 = 30*z. Calculate the remainder when 31 is divided by z.
9
Suppose -3*p = -2*p - 11. Calculate the remainder when 63 is divided by p.
8
Let h = -5 + 14. What is the remainder when 52 is divided by h?
7
Let p(m) = -7*m**2 - 10*m + 2*m + 7 + 9*m**2. Calculate the remaind